{"id":742,"date":"2022-03-12T19:42:04","date_gmt":"2022-03-12T19:42:04","guid":{"rendered":"http:\/\/javierladino.com\/fr\/?post_type=rara-portfolio&#038;p=742"},"modified":"2022-05-12T08:14:54","modified_gmt":"2022-05-12T08:14:54","slug":"paisajes-estereoplanetarios-instalacion-audiovisual","status":"publish","type":"rara-portfolio","link":"https:\/\/javierladino.com\/fr\/portfolio\/paisajes-estereoplanetarios-instalacion-audiovisual\/","title":{"rendered":"Paysages st\u00e9r\u00e9o plan\u00e9taires &#8211; Installation audiovisuelle"},"content":{"rendered":"\n<p>\u00ab\u00a0Stereo Planetary Landscapes &#8211; #StationBelen\u00a0\u00bb est un projet SCIENCE, ART &amp; TECHNOLOGIE qui explore ce que serait la vie sur des exoplan\u00e8tes, des mondes inexplor\u00e9s et non d\u00e9couverts (2015).<\/p>\n\n\n\n<figure class=\"wp-block-embed is-type-video is-provider-vimeo wp-block-embed-vimeo wp-embed-aspect-16-9 wp-has-aspect-ratio\"><div class=\"wp-block-embed__wrapper\">\n<iframe loading=\"lazy\" title=\"Paisajes Estereoplanetarios V.0\" src=\"https:\/\/player.vimeo.com\/video\/144010164?h=8045cdd185&amp;dnt=1&amp;app_id=122963\" width=\"750\" height=\"422\" frameborder=\"0\" allow=\"autoplay; fullscreen; picture-in-picture\" allowfullscreen><\/iframe>\n<\/div><\/figure>\n\n\n\n<p>Ce projet a \u00e9t\u00e9 laur\u00e9at de la bourse SPACE ART, d&rsquo;IDARTES et du Planetarium de Bogot\u00e1, d\u00e9velopp\u00e9 dans le cadre de processus de cr\u00e9ation participatifs, destin\u00e9s \u00e0 la communaut\u00e9 du quartier de Bel\u00e9n et \u00e0 la communaut\u00e9 artistique et scientifique de Bogot\u00e1.<\/p>\n\n\n\n<figure class=\"wp-block-embed is-type-photo is-provider-flickr wp-block-embed-flickr\"><div class=\"wp-block-embed__wrapper\">\n<a href=\"https:\/\/www.flickr.com\/photos\/amanigraphic\/22617211605\/in\/album-72157660566434971\"><img loading=\"lazy\" decoding=\"async\" src=\"https:\/\/live.staticflickr.com\/602\/22617211605_1419aba645_z.jpg\" alt=\"Opening-Paisajes-012\" width=\"640\" height=\"427\" \/><\/a>\n<\/div><\/figure>\n\n\n\n<p>Ces machines g\u00e9n\u00e9ratrices d&rsquo;exoplan\u00e8tes ont \u00e9t\u00e9 d\u00e9velopp\u00e9es dans le laboratoire de science, d&rsquo;art et de technologie appel\u00e9 Astronom\u00eda Perif\u00e9rica Estaci\u00f3n Bel\u00e9n, situ\u00e9 dans le quartier de Bel\u00e9n, l&rsquo;un des quartiers les plus traditionnels du centre historique de Bogota. L\u00e0, pendant deux mois, 8 exo plan\u00e9taires \u00e2g\u00e9s de 6 \u00e0 12 ans ont explor\u00e9 ces exoplan\u00e8tes, observ\u00e9 leurs changements, enregistr\u00e9 des vid\u00e9os et analys\u00e9 leurs caract\u00e9ristiques, r\u00e9alisant un processus d&rsquo;analyse scientifique qui avait pour point de d\u00e9part deux questions :<\/p>\n\n\n\n<p>Que va-t-il se passer pour la vie sur l&rsquo;EXOPLANET MITCH_MAT_S pendant deux mois s&rsquo;il est frapp\u00e9 par une \u00e9toile \u00e0 rayonnement micro-ondes ?<\/p>\n\n\n\n<p>Qu&rsquo;arrivera-t-il \u00e0 la vie sur l&rsquo;EXOPLANET B-LEN pendant deux mois, si elle est frapp\u00e9e par une \u00e9toile rayonnant des micro-ondes ?<\/p>\n\n\n\n<figure class=\"wp-block-embed is-type-video is-provider-vimeo wp-block-embed-vimeo wp-embed-aspect-16-9 wp-has-aspect-ratio\"><div class=\"wp-block-embed__wrapper\">\n<iframe loading=\"lazy\" title=\"Proyecto Paisajes Estereoplanetarios V.1\" src=\"https:\/\/player.vimeo.com\/video\/124936185?h=22dc657a12&amp;dnt=1&amp;app_id=122963\" width=\"750\" height=\"422\" frameborder=\"0\" allow=\"autoplay; fullscreen; picture-in-picture\" allowfullscreen><\/iframe>\n<\/div><\/figure>\n\n\n\n<p>En esta instalaci\u00f3n hab\u00eda una proyecci\u00f3n anagl\u00edfica en 3D, donde se pod\u00eda ver c\u00f3mo los EXOPLANETAS B-LEN y MITCH_MAT_S, cambiaban durante dos meses afectados por la radiaci\u00f3n de su estrella madre a la que orbitan. Para ver esta proyecci\u00f3n era necesario utilizar unas gafas anaglifo (Gafas 3D azules y rojas), y as\u00ed vivir una experiencia \u00fanica en un viaje por ATMOSFERAS PLANETARIAS INIMAGINABLES.<\/p>\n\n\n\n<p>Texto de Carlos Moncada.<\/p>\n\n\n\n<p>Participantes:<br>Ni\u00f1os del barrio de Bel\u00e9n, Bogot\u00e1 &#8211; CasaB<br>Sonido: 3DFonik \/\/ David Cort\u00e9s &#8211; Ismael Ortega<br>Jefe de Proyecto &#8211; Director de Arte: Carlos Moncada<br>Productor Transmedia &#8211; Productor Audiovisual: Javier Ladino<\/p>\n","protected":false},"excerpt":{"rendered":"<p>\u00ab\u00a0Stereo Planetary Landscapes &#8211; #StationBelen\u00a0\u00bb est un projet SCIENCE, ART &amp; TECHNOLOGIE qui explore ce que serait la vie sur des exoplan\u00e8tes, des mondes inexplor\u00e9s et non d\u00e9couverts (2015). Ce projet a \u00e9t\u00e9 laur\u00e9at de la bourse SPACE ART, d&rsquo;IDARTES et du Planetarium de Bogot\u00e1, d\u00e9velopp\u00e9 dans le cadre de processus de cr\u00e9ation participatifs, destin\u00e9s &hellip; <\/p>\n","protected":false},"author":1,"featured_media":743,"comment_status":"closed","ping_status":"closed","template":"","meta":{"ngg_post_thumbnail":0},"rara_portfolio_categories":[5,25],"class_list":["post-742","rara-portfolio","type-rara-portfolio","status-publish","has-post-thumbnail","hentry","rara_portfolio_categories-photography","rara_portfolio_categories-video"],"_links":{"self":[{"href":"https:\/\/javierladino.com\/fr\/wp-json\/wp\/v2\/rara-portfolio\/742","targetHints":{"allow":["GET"]}}],"collection":[{"href":"https:\/\/javierladino.com\/fr\/wp-json\/wp\/v2\/rara-portfolio"}],"about":[{"href":"https:\/\/javierladino.com\/fr\/wp-json\/wp\/v2\/types\/rara-portfolio"}],"author":[{"embeddable":true,"href":"https:\/\/javierladino.com\/fr\/wp-json\/wp\/v2\/users\/1"}],"replies":[{"embeddable":true,"href":"https:\/\/javierladino.com\/fr\/wp-json\/wp\/v2\/comments?post=742"}],"wp:featuredmedia":[{"embeddable":true,"href":"https:\/\/javierladino.com\/fr\/wp-json\/wp\/v2\/media\/743"}],"wp:attachment":[{"href":"https:\/\/javierladino.com\/fr\/wp-json\/wp\/v2\/media?parent=742"}],"wp:term":[{"taxonomy":"rara_portfolio_categories","embeddable":true,"href":"https:\/\/javierladino.com\/fr\/wp-json\/wp\/v2\/rara_portfolio_categories?post=742"}],"curies":[{"name":"wp","href":"https:\/\/api.w.org\/{rel}","templated":true}]}}

Paysages stéréo planétaires &#8211; Installation audiovisuelle

<p>« Stereo Planetary Landscapes &#8211; #StationBelen » est un projet SCIENCE, ART &amp; TECHNOLOGIE qui explore ce que serait la vie sur des exoplanètes, des mondes inexplorés et non découverts (2015).</p>



<figure class="wp-block-embed is-type-video is-provider-vimeo wp-block-embed-vimeo wp-embed-aspect-16-9 wp-has-aspect-ratio"><div class="wp-block-embed__wrapper">
<iframe loading="lazy" title="Paisajes Estereoplanetarios V.0" src="https://player.vimeo.com/video/144010164?h=8045cdd185&amp;dnt=1&amp;app_id=122963" width="750" height="422" frameborder="0" allow="autoplay; fullscreen; picture-in-picture" allowfullscreen></iframe>
</div></figure>



<p>Ce projet a été lauréat de la bourse SPACE ART, d&rsquo;IDARTES et du Planetarium de Bogotá, développé dans le cadre de processus de création participatifs, destinés à la communauté du quartier de Belén et à la communauté artistique et scientifique de Bogotá.</p>



<figure class="wp-block-embed is-type-photo is-provider-flickr wp-block-embed-flickr"><div class="wp-block-embed__wrapper">
<a href="https://www.flickr.com/photos/amanigraphic/22617211605/in/album-72157660566434971"><img loading="lazy" decoding="async" src="https://live.staticflickr.com/602/22617211605_1419aba645_z.jpg" alt="Opening-Paisajes-012" width="640" height="427" /></a>
</div></figure>



<p>Ces machines génératrices d&rsquo;exoplanètes ont été développées dans le laboratoire de science, d&rsquo;art et de technologie appelé Astronomía Periférica Estación Belén, situé dans le quartier de Belén, l&rsquo;un des quartiers les plus traditionnels du centre historique de Bogota. Là, pendant deux mois, 8 exo planétaires âgés de 6 à 12 ans ont exploré ces exoplanètes, observé leurs changements, enregistré des vidéos et analysé leurs caractéristiques, réalisant un processus d&rsquo;analyse scientifique qui avait pour point de départ deux questions :</p>



<p>Que va-t-il se passer pour la vie sur l&rsquo;EXOPLANET MITCH_MAT_S pendant deux mois s&rsquo;il est frappé par une étoile à rayonnement micro-ondes ?</p>



<p>Qu&rsquo;arrivera-t-il à la vie sur l&rsquo;EXOPLANET B-LEN pendant deux mois, si elle est frappée par une étoile rayonnant des micro-ondes ?</p>



<figure class="wp-block-embed is-type-video is-provider-vimeo wp-block-embed-vimeo wp-embed-aspect-16-9 wp-has-aspect-ratio"><div class="wp-block-embed__wrapper">
<iframe loading="lazy" title="Proyecto Paisajes Estereoplanetarios V.1" src="https://player.vimeo.com/video/124936185?h=22dc657a12&amp;dnt=1&amp;app_id=122963" width="750" height="422" frameborder="0" allow="autoplay; fullscreen; picture-in-picture" allowfullscreen></iframe>
</div></figure>



<p>En esta instalación había una proyección anaglífica en 3D, donde se podía ver cómo los EXOPLANETAS B-LEN y MITCH_MAT_S, cambiaban durante dos meses afectados por la radiación de su estrella madre a la que orbitan. Para ver esta proyección era necesario utilizar unas gafas anaglifo (Gafas 3D azules y rojas), y así vivir una experiencia única en un viaje por ATMOSFERAS PLANETARIAS INIMAGINABLES.</p>



<p>Texto de Carlos Moncada.</p>



<p>Participantes:<br>Niños del barrio de Belén, Bogotá &#8211; CasaB<br>Sonido: 3DFonik // David Cortés &#8211; Ismael Ortega<br>Jefe de Proyecto &#8211; Director de Arte: Carlos Moncada<br>Productor Transmedia &#8211; Productor Audiovisual: Javier Ladino</p>

<p>« Stereo Planetary Landscapes &#8211; #StationBelen » est un projet SCIENCE, ART &amp; TECHNOLOGIE qui explore ce que serait la vie sur des exoplanètes, des mondes inexplorés et non découverts (2015). Ce projet a été lauréat de la bourse SPACE ART, d&rsquo;IDARTES et du Planetarium de Bogotá, développé dans le cadre de processus de création participatifs, destinés &hellip; </p>
